83110?
10
What is the highest common divisor of 112546 and 56?
14
Calculate the greatest common divisor of 1452569 and 178.
89
What is the highest common factor of 1804393 and 479?
479
Calculate the greatest common divisor of 124 and 13382.
2
Calculate the greatest common divisor of 10616 and 383503.
1327
What is the greatest common divisor of 202739 and 58?
29
Calculate the greatest common divisor of 190068 and 28.
4
What is the greatest common factor of 8441 and 55050?
367
What is the greatest common divisor of 333 and 542013?
111
What is the highest common factor of 660062 and 53?
53
Calculate the greatest common factor of 77440 and 486420.
2420
Calculate the greatest common divisor of 84 and 31521.
21
Calculate the greatest common factor of 86 and 5186.
2
Calculate the highest common factor of 47539 and 3836.
137
Calculate the highest common divisor of 1052 and 164.
4
Calculate the greatest common factor of 88 and 3014.
22
Calculate the greatest common divisor of 82897 and 3648.
19
Calculate the highest common factor of 2193 and 516.
129
Calculate the highest common divisor of 749370 and 390.
30
What is the highest common factor of 108531 and 682?
31
Calculate the greatest common factor of 3144723 and 47.
47
What is the greatest common divisor of 9296 and 1792?
112
Calculate the greatest common divisor of 2544 and 408.
24
Calculate the greatest common divisor of 94 and 131318.
94
Calculate the highest common divisor of 9374 and 123824.
218
What is the highest common factor of 3157 and 455?
7
Calculate the greatest common divisor of 156 and 2834.
26
What is the greatest common factor of 81 and 308133?
9
Calculate the highest common factor of 12 and 6649044.
12
What is the greatest common divisor of 2349 and 78327?
81
What is the highest common divisor of 17909804 and 1298?
1298
Calculate the greatest common divisor of 4542 and 3174.
6
What is the greatest common divisor of 474636 and 629?
37
What is the greatest common factor of 1460 and 3580?
20
Calculate the highest common factor of 71391 and 636.
159
Calculate the highest common divisor of 14229 and 146880.
459
What is the greatest common factor of 195 and 241065?
15
What is the highest common divisor of 623 and 2403?
89
Calculate the greatest common divisor of 810 and 9045.
135
What is the highest common factor of 918 and 9483858?
918
What is the greatest common divisor of 1355812 and 335?
67
What is the highest common factor of 4556 and 33366?
134
Calculate the highest common divisor of 455213 and 638.
319
What is the greatest common factor of 46488 and 3432?
312
What is the highest common factor of 54 and 113214?
6
Calculate the highest common factor of 1414 and 482881.
707
Calculate the greatest common factor of 17150 and 35.
35
What is the highest common divisor of 329760 and 10?
10
What is the highest common factor of 1729 and 252187?
247
Calculate the highest common divisor of 316505 and 70.
35
What is the highest common divisor of 52 and 6550297?
13
What is the greatest common divisor of 288 and 135760?
16
What is the greatest common divisor of 1015 and 70?
35
What is the greatest common factor of 7296 and 59736?
456
Calculate the greatest common divisor of 374662 and 8798.
166
Calculate the highest common divisor of 170037 and 28.
7
What is the highest common divisor of 222 and 6399002?
74
Calculate the highest common factor of 32175 and 198.
99
Calculate the highest common factor of 24 and 1506684.
12
What is the highest common factor of 6787 and 3702?
617
Calculate the highest common factor of 884 and 548896.
68
Calculate the highest common factor of 108 and 35832.
12
What is the highest common divisor of 7641 and 51?
3
Calculate the highest common factor of 93 and 5978319.
93
Calculate the highest common factor of 181 and 15023.
181
Calculate the highest common factor of 361 and 108661.
361
Calculate the highest common divisor of 650180 and 190.
190
What is the greatest common divisor of 3934 and 99755?
281
What is the highest common divisor of 9425 and 90103?
377
Calculate the highest common divisor of 552 and 206172.
276
Calculate the highest common divisor of 1952 and 12064.
32
What is the highest common factor of 18361 and 14?
7
Calculate the highest common factor of 72 and 183222.
18
Calculate the highest common divisor of 152 and 146984.
152
What is the highest common factor of 1998 and 446?
2
Calculate the greatest common factor of 7943 and 39.
13
What is the highest common divisor of 515631 and 15?
3
What is the highest common factor of 5983 and 155?
31
Calculate the highest common divisor of 144 and 14328.
72
Calculate the greatest common divisor of 2915 and 167904.
583
Calculate the highest common divisor of 63 and 871164.
63
Calculate the greatest common divisor of 1056 and 5728.
32
What is the highest common factor of 36 and 80766?
18
What is the greatest common divisor of 13379 and 248692?
787
Calculate the greatest common divisor of 126492 and 46.
2
What is the greatest common factor of 884 and 1149980?
52
Calculate the greatest common divisor of 28 and 1863988.
28
What is the highest common divisor of 175 and 93695?
35
Calculate the greatest common divisor of 27 and 10779.
3
Calculate the highest common divisor of 580 and 1089965.
145
Calculate the highest common divisor of 8 and 26434.
2
Calculate the highest common factor of 88143 and 33.
33
Calculate the highest common factor of 8972 and 12.
4
What is the greatest common divisor of 4325 and 3425?
25
Calculate the highest common divisor of 13860 and 121077.
99
Calculate the greatest common factor of 3863 and 94.
1
What is the highest common divisor of 53 and 15741106?
53
What is the highest common divisor of 8 and 61230?
2
What is the greatest common divisor of 319 and 3009127?
319
Calculate the greatest common divisor of 2 and 8446.
2
What is the greatest common factor of 12483 and 110157?
219
Calculate the greatest common factor of 1668 and 2712.
12
Calculate the greatest common divisor of 20 and 2876.
4
What is the greatest common divisor of 2985 and 4495?
5
What is the highest common divisor of 254754 and 90?
18
What is the greatest common divisor of 495892 and 8?
4
What is the greatest common factor of 91 and 1573?
13
Calculate the greatest common divisor of 3815 and 1890.
35
Calculate the greatest common factor of 4838085 and 63.
63
What is the greatest common factor of 959 and 77?
7
What is the highest common factor of 22 and 2689423?
11
What is the greatest common factor of 20055 and 5565?
105
What is the highest common divisor of 414 and 18558?
18
What is the greatest common factor of 120015 and 621?
27
Calculate the greatest common divisor of 107402 and 664.
166
What is the highest common factor of 299 and 900289?
299
What is the highest common factor of 1239468 and 24?
12
Calculate the highest common divisor of 907258 and 242.
242
What is the greatest common divisor of 1156 and 200?
4
What is the greatest common factor of 20 and 22905?
5
Calculate the greatest common divisor of 400380 and 40.
20
What is the greatest common divisor of 276 and 3764?
4
What is the greatest common factor of 45450 and 150?
150
What is the greatest common divisor of 81 and 35559?
81
Calculate the greatest common factor of 8025 and 7350.
75
What is the greatest common divisor of 855 and 1065?
15
Calculate the highest common divisor of 251 and 2233398.
251
Calculate the greatest common factor of 194885 and 10.
5
Calculate the highest common divisor of 30715 and 120.
5
Calculate the highest common divisor of 505036 and 119.
119
Calculate the highest common factor of 101656 and 46.
2
Calculate the greatest common factor of 14589 and 54.
9
Calculate the greatest common divisor of 443813 and 1735.
347
Calculate the highest common factor of 246740 and 1300.
260
What is the greatest common divisor of 23420 and 160427?
1171
What is the greatest common factor of 162 and 23409?
81
Calculate the greatest common factor of 1962190 and 956.
478
What is the greatest common factor of 25725 and 66045?
105
What is the greatest common factor of 55 and 14854235?
55
What is the highest common divisor of 712 and 32574?
178
What is the greatest common factor of 381 and 375?
3
Calculate the highest common divisor of 300898 and 652.
326
What